159
Let q(d) = 2*d**2 + 30. Give q(6).
102
Let k(t) = 42*t**2 - 183*t - 12. Calculate k(4).
-72
Let t(x) = -x**2 + 545*x - 48497. Determine t(112).
-1
Let g(c) = 26*c**2 + 8*c - 23. Determine g(4).
425
Let z(h) = 3*h**3 - 154*h**2 + 55*h - 248. Determine z(51).
-44
Let h(z) = -2*z**2 - 37*z - 44. Determine h(-23).
-251
Let r(v) = v**2 + 10*v - 69. Determine r(-24).
267
Let q(w) = 41*w. Determine q(8).
328
Let c(p) = -2*p**3 - 8*p**2 + 114*p + 966. Give c(-8).
566
Let c(v) = 17*v - 1136. Give c(69).
37
Let x(k) = -165*k - 7273. What is x(-44)?
-13
Let m(d) = -d**3 + 46*d**2 + 366*d + 330. Give m(53).
65
Let t(w) = w**3 + 17*w**2 - 4*w + 8. Give t(-4).
232
Let b(z) = z**3 + 21*z**2 - 396*z + 3. Calculate b(-33).
3
Let m(d) = -27*d - 659. What is m(-18)?
-173
Let v(y) = -2*y**2 + 29*y - 29. Give v(11).
48
Let m(o) = 28*o**2 + 4*o - 2. Calculate m(1).
30
Let w(s) = s**3 + 9*s**2 + 15*s + 72. What is w(-8)?
16
Let g(z) = -150*z - 11983. What is g(-80)?
17
Let g(w) = -11*w**3 + 7*w**2 + 6*w. Calculate g(-1).
12
Let t(k) = -k**2 - 14*k + 864. Determine t(23).
13
Let w(a) = 4*a - 307. Give w(-14).
-363
Let b(k) = -2*k**3 + 517*k**2 + 776*k + 1030. What is b(260)?
-10
Let b(a) = -a**2 + 39*a + 96. Calculate b(27).
420
Let z(o) = -94*o + 2559. Give z(27).
21
Let z(y) = -y**2 - 14*y + 207. What is z(-23)?
0
Let m(j) = j**2 - 46*j - 310. Determine m(47).
-263
Let g(u) = -2*u**3 + 30*u**2 - 18*u - 161. Determine g(14).
-21
Let n(l) = -4*l**2 + 11*l - 13. Give n(6).
-91
Let c(r) = -176*r + 92. Calculate c(-2).
444
Let z(b) = -b**3 - 2*b**2 + 8*b + 15. Determine z(-7).
204
Let i(k) = k**3 + 6*k**2 + 17*k - 1. Give i(-5).
-61
Let l(s) = -4*s**2 - 141*s - 161. Give l(-34).
9
Let y(w) = -509*w + 480. Calculate y(2).
-538
Let k(l) = -16*l + 18. Calculate k(-4).
82
Let v(r) = r**3 - r**2 + 1023*r - 2049. Give v(2).
1
Let c(s) = -5*s**2 + 130*s - 56. Give c(25).
69
Let q(m) = -52*m + 156. Determine q(3).
0
Let i(p) = p**3 + 4*p**2 + 11*p + 15. Calculate i(-5).
-65
Let q(r) = -161*r**2 - 46044*r + 576. Determine q(-286).
4
Let n(j) = 243*j + 1562. Determine n(-7).
-139
Let x(r) = 77*r + 100. What is x(0)?
100
Let o(p) = p**3 + 80*p**2 - 146*p + 1446. Calculate o(-82).
-30
Let o(l) = -27*l**2 - 442*l - 167. What is o(-16)?
-7
Let u(m) = 7*m**2 - 14*m + 36. Determine u(6).
204
Let d(h) = 922*h - 1720. Determine d(2).
124
Let s(v) = v**3 - 18*v**2 + 24*v + 39. Calculate s(15).
-276
Let u(v) = -650*v - 7762. Calculate u(-12).
38
Let k(p) = 15*p - 94. Determine k(4).
-34
Let t(p) = -194*p + 537. Give t(2).
149
Let g(s) = -25*s - 157. Give g(-4).
-57
Let x(r) = -3*r**3 - 4*r**2 + r + 4. What is x(3)?
-110
Let z(x) = 2*x**2 - 31*x - 738. What is z(-13)?
3
Let j(h) = 13*h**2 - 5*h + 7. What is j(1)?
15
Let j(r) = 5*r**2 + 59*r - 118. What is j(2)?
20
Let j(k) = -24*k**2 + 603*k - 69. What is j(25)?
6
Let y(a) = -3*a**2 + 30*a - 1. Determine y(0).
-1
Let r(b) = -195*b - 5075. Give r(-26).
-5
Let h(t) = -2*t**3 + 594*t**2 + 540*t + 16685. What is h(298)?
-3
Let k(t) = -t**2 + t + 47. Give k(0).
47
Let z(i) = -i**3 - 32*i**2 + 95*i + 910. What is z(-34)?
-8
Let z(r) = 434*r**2 - 1323*r + 7. Determine z(3).
-56
Let n(g) = -337*g + 5392. Calculate n(16).
0
Let x(p) = -26*p**3 + 8*p**2 - 18*p + 14. What is x(3)?
-670
Let b(v) = 230*v + 43708. Give b(-190).
8
Let z(x) = -x**3 + 3*x**2 + 70*x + 8. Determine z(10).
8
Let q(l) = l**3 - 32*l**2 + 83*l + 74. Determine q(29).
-42
Let y(c) = 15*c + 76. Give y(-6).
-14
Let z(v) = 2*v + 89. What is z(16)?
121
Let k(f) = 141*f + 855. Determine k(-6).
9
Let w(b) = 16*b**3 - 7*b**2 - 26*b - 41. What is w(-2)?
-145
Let i(s) = 53*s + 237. What is i(-4)?
25
Let f(p) = -3*p**2 + 226*p + 120. Determine f(74).
416
Let r(z) = z**3 - 32*z**2 - 274*z - 83. Give r(39).
-122
Let n(w) = 8309*w - 116328. What is n(14)?
-2
Let j(q) = 154*q - 768. Calculate j(4).
-152
Let d(t) = -45*t**2 + 1443*t - 97. Calculate d(32).
-1
Let o(i) = i**3 - 34*i**2 - 23*i - 414. Calculate o(35).
6
Let r(o) = -o**3 - 13*o**2 - 13*o + 34. Give r(-12).
46
Let d(o) = 2*o - 50. Calculate d(16).
-18
Let i(v) = v**2 - 23*v - 10021. Give i(112).
-53
Let y(b) = -2*b**2 - 153*b - 839. What is y(-6)?
7
Let u(n) = n**3 + 48*n**2 + 29*n - 56. Give u(-47).
790
Let w(f) = 20*f**3 - 2*f**2 - 2*f + 2. Calculate w(-2).
-162
Let u(c) = -11*c + 109. Determine u(7).
32
Let b(l) = -5*l**2 + 253*l + 885. Calculate b(54).
-33
Let j(z) = 238*z + 249. What is j(2)?
725
Let u(m) = m**3 + 14*m**2 - 7*m + 130. What is u(-15)?
10
Let y(h) = 635*h + 1794. Give y(-3).
-111
Let p(h) = -h**3 + 3*h**2 + 131*h + 317. Determine p(14).
-5
Let t(x) = 2*x**2 + 48*x - 70. Calculate t(-24).
-70
Let x(k) = 216*k + 6881. Give x(-32).
-31
Let j(y) = -160*y - 118. Calculate j(-1).
42
Let a(f) = 20*f + 70. What is a(-6)?
-50
Let n(z) = 4*z**2 + 160*z - 504. Give n(3).
12
Let h(y) = -7*y**3 + 25*y**2 + 165*y + 15. Give h(7).
-6
Let v(c) = -59*c + 1787. Give v(28).
135
Let f(i) = 2*i**2 - 42*i + 197. Calculate f(15).
17
Let s(b) = 2*b**3 + 171*b**2 - 91*b - 414. Determine s(-86).
16
Let q(h) = 2*h**2 + 24*h + 94. Give q(-12).
94
Let z(n) = n**3 + 10*n**2 - 32*n + 203. What is z(-14)?
-133
Let w(g) = 27*g - 268. Give w(7).
-79
Let r(y) = y**2 - 88*y - 853. Give r(89).
-764
Let d(p) = -15989*p - 239845. Give d(-15).
-10
Let t(d) = -d**2 - 6*d + 970. Determine t(-34).
18
Let u(n) = -n**3 + 13*n**2 + 92*n + 16. What is u(18)?
52
Let k(o) = o**2 + 83*o - 419. What is k(5)?
21
Let j(t) = 177*t - 39269. Give j(222).
25
Let j(u) = -u**2 + 434*u - 9462. Determine j(23).
-9
Let v(h) = 74*h - 1176. What is v(12)?
-288
Let n(t) = 4*t**2 + 113*t - 1123. Calculate n(-36).
-7
Let q(y) = -16*y - 751. Determine q(-45).
-31
Let z(v) = -2*v**3 - 12*v**2 + 31*v + 192. What is z(-6)?
6
Let s(b) = -10*b**2 + 12*b - 43. Give s(5).
-233
Let y(r) = 111*r + 2889. Calculate y(-26).
3
Let o(y) = 3*y**2 + 4*y - 68. Determine o(4).
-4
Let j(v) = 52*v**3 + 5*v**2 - v - 3. What is j(1)?
53
Let u(o) = -o**3 - 58*o**2 + 70*o + 235. Determine u(-59).
-414
Let a(h) = 662*h - 10581. Determine a(16).
11
Let l(i) = i**3 + 18*i**2 + 78*i - 19. What is l(-10)?
1
Let j(l) = l**2 + 695*l - 4919. Give j(7).
-5
Let h(n) = -n**2 - 178*n + 6974. Give h(33).
11
Let h(t) = 16*t**2 - 5*t + 13. What is h(3)?
142
Let c(a) = -6*a - 215. Calculate c(-48).
73
Let l(s) = -6*s + 9. Give l(5).
-21
Let w(a) = a**2 - 162*a - 840. Give w(-5).
-5
Let u(s) = 96*s + 4033. Calculate u(-42).
1
Let z(k) = k**3 - 37*k**2 - 122*k + 87. Give z(40).
7
Let r(z) = z**2 + 56*z + 121. Give r(-51).
-134
Let o(d) = d**3 - 180*d**2 + 2013*d + 37. Give o(12).
1
Let a(n) = n + 164. Give a(14).
178
Let w(g) = 2*g**3 - g**2 + 11*g - 11. Calculate w(2).
23
Let a(j) = -j**2 + 31*j + 29. What is a(31)?
29
Let i(n) = -33*n + 472. Determine i(17).
-89
Let l(c) = -235*c**2 - 224*c - 1. Calculate l(-1).
-12
Let w(n) = n**2 + 28*n - 127. Calculate w(-32).
1
Let c(g) = -g**2 + 2961*g - 23625. What is c(8)?
-1
Let a(v) = 2*v**2 + 45*v - 219. What is a(5)?
56
Let k(d) = 19*d**2 + 21*d - 6. Determine k(4).
382
Let q(i) = 2*i**2 - 153*i + 41. What is q(76)?
-35
Let x(y) = 2*y**3 - 69*y**2 - 47*y + 424. What is x(35)?
4
Let t(z) = -15*z + 12. Determine t(1).
-3
Let q(o) = o**3 - 8*o**2 + 2*o - 20. What is q(-4)?
-220
Let h(l) = 3*l**2 + 73*l - 6. Determine h(-24).
-30
Let f(s) = s**2 + 193*s - 10428. Give f(44).
0
Let l(v) = 203*v + 10359. Determine l(-51).
6
Let f(p) = -2*p**2 - 31*p - 5. What is f(-4)?
87
Let p(s) = -19*s + 11. Give p(0).
11
Let f(u) = -446*u**2 + 4*u + 5. What is f(-1)?
-445
Let q(v) = -v**3 + 30*v**2 + 43*v - 409. What is q(31)?
-37
Let b(h) = h**3 + 28*h**2 - 28*h + 52. Determine b(-29).
23
Let a(p) = -4*p - 469. What is a(-92)?
-101
Let y(x) = x**3 + 3*x**2 - 13*x - 29. Calculate y(-3).
10
Let a(j) = j**3 - 9*j**2 + 22*j - 11. Calculate a(3).
1
Let y(j) = -j**2 - 407*j - 99. Calculate y(0).
-99
Let f(i) = -608*i + 2445. Calculate f(4).
13
Let v(n) = -5*n**2 + 12*n - 2. Calculate v(6).
-110
Let l(m) = -5*m**2 + 97*m - 101. What is l(19)?
-63
Let g(z) = 12*z - 116. Give g(9).
-8
Let x(c) = 556*c - 5002. Give x(9).
2
Let i(h) = -3*h**3 + 18*h**2 + 382*h - 2285. What is i(6)?
7
Let k(x) = -2*x**3 - 39*x**2 + 63*x - 42. Determine k(-21).
-42
Let y(d) = 53*d + 9541. Calculate y(-180).
1
Let q(h